0 = -28*g + 8*g + 2080. Calculate the highest common factor of g and 8.
8
Suppose -1 = o, 4*f + 51 = 3*o - 6. Let i be (-16 - f)*(-2 + 0). Suppose w = -w - i, -3*l = 4*w - 296. Calculate the highest common factor of l and 10.
10
Suppose m - 1 = 5. Suppose 0 = -8*a + m + 42. Suppose a*f - 27 = 5*f. What is the highest common factor of 297 and f?
27
Let m(a) = -a**3 - a**2 + 6*a - 51. Let g be m(-17). What is the highest common divisor of 17 and g?
17
Let r = -472 + 478. Suppose -56 = r*p - 13*p. Calculate the greatest common factor of p and 3.
1
Suppose 9*i = 14*i - 10. Let z(l) = -2*l**3 - 2*l**2 + 3*l - 5. Let m be z(i). Let g = 35 + m. What is the greatest common factor of 12 and g?
12
Let w(x) = 2*x**2 + 6*x. Let v be w(-5). Let b = 182804 + -182374. Calculate the highest common factor of v and b.
10
Suppose 6*h - 11*h = -4*y + 182, 4*h = -4*y - 160. Let d = -24 + 72. Let i = h + d. What is the greatest common factor of i and 15?
5
Suppose 5*g + 12*s - 384 = 0, 14*s - 370 = -5*g + 9*s. Calculate the greatest common factor of 315 and g.
9
Suppose 517 = 3*u - 2*m - 3*m, -694 = -4*u + 2*m. Let o = u - 167. Calculate the highest common divisor of o and 112.
7
Let h be (-3)/(-4)*375224/31. Let n be 7/(189/h) - (-2)/(-9). What is the greatest common divisor of n and 126?
42
Let b be 1268/1 - (-83 - -3)/10. Calculate the highest common factor of b and 348.
116
Suppose 196*g - 210*g + 224 = 0. What is the greatest common divisor of 3352 and g?
8
Suppose 5*m - 2*t - 14044 = 11362, -3*t - 15231 = -3*m. What is the greatest common factor of m and 93?
31
Let x be ((-16)/(-6))/((-380)/(-375) - 1). Let z be (104/(-10))/(4/x*-2). Calculate the greatest common factor of 26 and z.
26
Let c be (-162)/(-42) + (-3 - (-44)/14). Let g be (-90)/(-12) - (-2)/c. Suppose 0 = -g*n + 16 - 0. What is the highest common divisor of n and 2?
2
Suppose 5*t + 6*t - 242 = 0. Suppose -t - 66 = -a. Suppose -a - 10 = -h. Calculate the greatest common factor of 14 and h.
14
Let m = 172 - 104. Suppose 8*b - 174 = 242. Suppose -3*o = -n - b, -2*n = -4*o + 99 - 29. What is the greatest common divisor of o and m?
17
Let o be (3/(-2))/((-9)/(-24)) - -429. Suppose -2*l + 157 = 3*t - o, l - 5*t = 265. What is the greatest common divisor of l and 15?
15
Let w = -43 - -45. Suppose -2*m = 2*j - 4*m + 274, 5*j + w*m = -671. Let t = j + 225. Calculate the highest common divisor of 10 and t.
10
Let b(n) = -3*n - 13. Let q = 37 + -51. Let a be b(q). Let u = -28 + a. Calculate the greatest common divisor of u and 2.
1
Suppose 2*u = -4*b + 260, -4*b - 60 = -u + 64. Suppose 4*k + 84 = 96. Suppose 16 = g + 4*n, -3*g + 56 = k*n + 8. Calculate the highest common factor of u and g.
16
Let s(q) = q**2 + 22*q - 110. Let u be s(-26). Let a be 40 - (4 - (u + 8)). What is the greatest common factor of 209 and a?
19
Let s = 1677 + 6708. What is the highest common factor of s and 903?
129
Suppose -5*u - 2 = -6*u - 2*i, 3*u = 5*i + 6. Suppose -u*d - 262 = -3*v - 1144, 4*d + 5*v = 1764. What is the highest common factor of d and 49?
49
Let i(k) = k**2 - 527. Let a be i(-31). Suppose -70 = 4*h - 9*h. What is the greatest common factor of a and h?
14
Suppose 311 = 6*v - 529. Calculate the highest common factor of 504 and v.
28
Let b be 31734/3 - (17 + 5 - 19). Calculate the highest common factor of b and 94.
47
Let n(m) = -660*m - 2577. Let q be n(-4). Calculate the highest common divisor of 28 and q.
7
Let y = -443 - -787. Let r = 250 - 247. Let h be 3 + ((-7)/(-4) - r)*-32. Calculate the greatest common factor of h and y.
43
Let k = 339 + -339. Suppose k = -3*y - 7*y + 1430. What is the greatest common factor of y and 52?
13
Let x be (5/(75/261) + (-130)/325)/1. Calculate the greatest common divisor of x and 5729.
17
Let h = 2333 + -1802. What is the greatest common divisor of 18 and h?
9
Let l be 0*(-4)/(-10)*(-25)/20. Suppose l = -w + 95 - 91. Let n be (9/w)/((-39)/(-52)). What is the greatest common factor of n and 24?
3
Suppose -56883 = -p - 66*p. What is the greatest common divisor of 3 and p?
3
Suppose -4*h = -4*u + 22 - 10, 3*h - 1 = -2*u. Calculate the highest common factor of u and 382.
2
Let v be 34/51*18/4*(-16)/(-2). Suppose -3*a - 200 = -8*a. What is the highest common factor of a and v?
8
Let y be (-99)/(-44)*(3 + 101). Let f = y + -227. What is the greatest common divisor of 56 and f?
7
Suppose 2*c - 4*d - 224 - 88 = 0, 294 = 2*c + 5*d. Let w be ((38/4)/(-1))/(354/(-708)). What is the highest common factor of w and c?
19
Suppose -5*p = -4*t + 20838, 0 = p - 4*p + 3*t - 12501. Let d = p - -6006. What is the greatest common divisor of 68 and d?
68
Let l be ((-16)/32*2)/((-1)/25). Suppose 2*m - 50 - 18 = -4*j, 4*j - 76 = -4*m. What is the greatest common factor of j and l?
5
Suppose 0 = 3*n + p - 2620, -3*n + 1497 + 1091 = 5*p. What is the greatest common divisor of n and 10?
2
Let s = -7207 + 10177. What is the highest common divisor of 162 and s?
54
Suppose -18 = -5*b + 3*h - 5*h, 11 = 4*b + 5*h. Suppose b*u - 481 = -4*w - 65, w + 2 = 0. What is the highest common factor of 2 and u?
2
Suppose -3*z + 3*q + 159 = 0, 3*z - 5*q - 176 = -33. Calculate the greatest common factor of z and 8479.
61
Let s = -11 + 14. Suppose -85 = s*p - 2*n - 455, -4*p = 3*n - 516. Let b = 286 - 268. Calculate the highest common divisor of b and p.
18
Let c = 7075 - 7012. Let v(a) = a**3 - 11*a**2 - 18*a + 1. Let j be v(13). Calculate the highest common divisor of j and c.
21
Suppose 73*u = -55*u + 46260 - 7860. Calculate the greatest common divisor of 165 and u.
15
Suppose 3*g - 14 = 22. Suppose 20*q - 1736 = g*q. Calculate the highest common factor of q and 7.
7
Suppose s = 2*r - 4*s + 16, 12 = -4*r + 5*s. Suppose 0 = r*n - 0*w - 2*w - 208, 0 = 5*n - 4*w - 516. Calculate the highest common divisor of n and 25.
25
Let p = -68 - -75. Let g = -2 + p. Calculate the highest common divisor of g and 7.
1
Suppose -173*o - 229 + 105 = -375*o + 482. Suppose x = 2*x + 15. Let v = x - -27. What is the greatest common factor of o and v?
3
Suppose -5*g = -2*d + 126, -2*d + 110 = -0*g - g. Let t = d - 19. What is the greatest common factor of 102 and t?
34
Let z = 357 - 353. Suppose 0 = -2*d - 5*u + 88, u - z = -3*d + 128. Calculate the highest common divisor of 4 and d.
4
Let z = 36 - 24. Suppose -4*i = -5*i + 3*o + 33, i + 4*o - z = 0. Calculate the greatest common factor of i and 12.
12
Let j = -3489 - -3881. What is the greatest common factor of 98 and j?
98
Let i = -2144 - -2396. Calculate the greatest common factor of 462 and i.
42
Let l be (12/15*-2)/(14/(-490)). Let g(z) = z**2 - 2*z - 6. Let y be g(-3). Let i(f) = 4*f - 28. Let a be i(y). What is the greatest common divisor of a and l?
8
Let v(g) = 18*g + 111. Let i be v(-5). Suppose 0 = i*p - 708 - 762. Calculate the highest common divisor of 10 and p.
10
Let a(b) = 382*b**2 - 8*b + 4. Let r be a(1). Suppose -69*v + r = -62*v. What is the greatest common factor of v and 27?
27
Let y be 1*-1 - (1 + 8 - (58 + 355)). Let f(h) = 6*h - 17. Let a be f(8). What is the highest common factor of a and y?
31
Let l(i) = -11*i + 564. Let t be l(50). Calculate the highest common divisor of t and 742.
14
Suppose 308*s + 32 = 304*s, 5*a - 2*s = 50776. Calculate the greatest common divisor of 12 and a.
12
Let d = -356 - -437. Suppose 5*a + 47 = -3*w - 77, 2*a - 8 = 0. Let x = w + d. Calculate the highest common factor of x and 22.
11
Let g be ((-8 - -7)*866)/(-2). Let v = -352 + g. Calculate the greatest common factor of v and 18.
9
Suppose -5*f + 3*c = -91, 0 = 5*f - c - 104 + 7. Suppose 14*b + 222 = 642. Let r be 12/b*15 + 134. Calculate the greatest common factor of f and r.
20
Let i(f) = -2*f**3 + 50*f**2 - 55*f + 880. Let b be i(24). What is the highest common factor of 3026 and b?
178
Suppose 2*u + 1040 = 7*u. Let n = 491 - 425. Let t = n - 40. What is the highest common factor of u and t?
26
Suppose -49*v - 420 = 38*v - 99*v. Calculate the greatest common divisor of v and 14315.
35
Suppose 2*t + 3*j - 13 = 0, -43*t + 16 = -39*t - 4*j. Let x be 4/(-18) - 22/(-18). What is the greatest common divisor of t and x?
1
Let i = 4 - -19. Let z be 32/6 - ((-10)/(-3) - 3). Suppose -z*a = -4*a - 92. Calculate the greatest common factor of i and a.
23
Let x be (3*49)/((-48)/(-32)). Suppose 